*2 - 115*i - 226. Determine k(117).
8
Let c(m) = -m**3 - 12*m**2 - 171*m - 1769. Calculate c(-11).
-9
Let u(q) = q**2 + 186*q + 8028. What is u(-118)?
4
Let s(z) = z**3 + 22*z**2 + 80*z - 20. Determine s(-9).
313
Let n(t) = 48*t + 454. What is n(-8)?
70
Let s(o) = 2*o**3 + 232*o - 232. Give s(1).
2
Let f(p) = 19*p + 14. Give f(-7).
-119
Let y(n) = -3*n - 65. Determine y(0).
-65
Let c(o) = 80*o**3 + 62*o**2 + 68*o + 6. Calculate c(-1).
-80
Let m(p) = -7*p + 4. Determine m(-14).
102
Let u(o) = o**2 - 68*o + 829. Give u(15).
34
Let m(i) = -7826*i + 39132. Determine m(5).
2
Let q(y) = 78*y**2 + 2183*y - 16. Determine q(-28).
12
Let m(b) = 2*b**2 - 110*b - 1612. Calculate m(67).
-4
Let m(g) = -21*g - 2089. Calculate m(-80).
-409
Let z(y) = y**2 + 46*y - 2277. What is z(-76)?
3
Let r(w) = -3*w**3 - 188*w**2 - 129*w - 310. Determine r(-62).
0
Let j(f) = 11*f**3 + 6*f**2 + 4*f. Give j(-1).
-9
Let h(j) = -30*j**2 + 1411*j + 1410. Determine h(-1).
-31
Let g(x) = 2*x**3 - 58*x**2 + x - 46. Determine g(29).
-17
Let w(m) = -75*m**2 - 1123*m + 38. Calculate w(-15).
8
Let l(q) = 9*q**2 - 255*q - 190. Determine l(29).
-16
Let p(z) = -3*z**3 + 388*z**2 + 267*z - 977. Calculate p(130).
-67
Let v(n) = -16*n**3 + 3*n**2 + 12*n + 3. Give v(-2).
119
Let s(n) = 2*n**2 + 18*n - 17. Determine s(-10).
3
Let l(b) = -40*b - 47. Give l(2).
-127
Let l(p) = 137*p + 1972. Determine l(-14).
54
Let n(r) = 728*r - 23318. Calculate n(32).
-22
Let q(x) = 3*x**3 - 79*x**2 - 56*x + 51. Give q(27).
-3
Let a(r) = 470*r - 3654. Give a(8).
106
Let f(b) = b**2 - 404*b + 2459. Determine f(6).
71
Let d(z) = 8*z**3 - 3*z**2 - 22*z + 68. Calculate d(5).
883
Let p(w) = -2*w**2 + 50*w + 64. What is p(28)?
-104
Let h(d) = 9*d - 407. Calculate h(49).
34
Let p(w) = 66*w**3 - 33*w**2 + 33*w - 1. Determine p(1).
65
Let l(x) = 4*x**2 - 56*x + 171. Determine l(4).
11
Let n(m) = -m**3 - 7*m**2 + 9*m + 88. What is n(-5)?
-7
Let f(l) = 83*l - 1042. Give f(12).
-46
Let v(i) = -36*i - 1665. Give v(-46).
-9
Let m(q) = q**2 - 32*q + 81. Give m(3).
-6
Let n(h) = -25*h**2 - 25*h - 19. Give n(-1).
-19
Let k(g) = -53*g - 392. Give k(-9).
85
Let d(a) = a**3 - 15*a**2 + 170*a - 1847. Determine d(13).
25
Let r(p) = 6*p - 241. Give r(-42).
-493
Let y(o) = -o**2 + 27*o + 102. Determine y(18).
264
Let a(y) = -2*y**3 - 53*y**2 - 26*y + 10. Give a(-26).
10
Let y(q) = q**2 + 22*q + 8. What is y(-5)?
-77
Let t(a) = -129*a + 6061. Calculate t(47).
-2
Let k(z) = -21*z**3 - 251*z**2 + 8*z - 49. What is k(-12)?
-1
Let m(d) = 21*d**3 - 107*d**2 + 13*d - 12. Give m(5).
3
Let z(s) = 121*s - 2284. Determine z(19).
15
Let v(i) = i**3 - 130*i**2 + 131*i - 251. Give v(129).
7
Let c(o) = o**3 - o**2 - 7*o + 106. Give c(8).
498
Let p(o) = -3*o**3 - 12*o**2 - 23*o - 24. What is p(-7)?
578
Let d(i) = i**3 - 54*i**2 - 44*i - 583. Give d(55).
22
Let k(c) = -c**2 + 89*c - 1351. Determine k(70).
-21
Let v(f) = -2*f**3 + 94*f**2 - 2*f + 91. Determine v(47).
-3
Let g(b) = 41*b**2 + 42*b - 41. Determine g(1).
42
Let n(f) = -4*f**3 - 3*f**2 + 7*f + 7. Determine n(3).
-107
Let o(g) = -2*g**2 + g + 116. Give o(-13).
-235
Let c(t) = -715*t - 64345. Give c(-90).
5
Let m(l) = -7004*l + 49032. Calculate m(7).
4
Let r(v) = -5*v**2 - 92*v - 175. What is r(-2)?
-11
Let w(b) = -b**3 - 7*b**2 - 792*b + 1614. Calculate w(2).
-6
Let s(l) = 16172*l + 80848. What is s(-5)?
-12
Let x(v) = 176*v + 852. Give x(-4).
148
Let s(n) = -13*n**2 + 65*n + 226. Calculate s(-4).
-242
Let b(c) = -12*c - 408. Determine b(8).
-504
Let z(a) = 2*a**3 - 20*a**2 + 20*a - 46. What is z(9)?
-28
Let b(p) = p**3 + 95*p**2 + 313*p - 4605. What is b(-91)?
36
Let c(n) = -3*n**3 - 23*n**2 + 13*n + 197. What is c(-7)?
8
Let d(u) = -u**2 + 118*u - 973. Determine d(9).
8
Let z(c) = -c**2 + 10*c + 18. Give z(0).
18
Let w(m) = -m**3 - m**2 + 48*m + 188. Determine w(8).
-4
Let v(i) = i**2 + 67*i - 195. Give v(3).
15
Let y(z) = 8*z - 2. Give y(-20).
-162
Let q(c) = 11*c - 1585. What is q(144)?
-1
Let q(d) = -d**2 - 66*d + 934. Determine q(-78).
-2
Let q(k) = 983*k - 32461. Give q(33).
-22
Let p(d) = 67*d**2 - 28*d - 23. Give p(-1).
72
Let x(a) = -1133*a - 13594. What is x(-12)?
2
Let w(c) = c**2 + 130*c - 3337. Give w(22).
7
Let r(q) = -q**3 + 22*q**2 + 20*q + 80. Calculate r(23).
11
Let r(i) = i**3 - 5*i**2 - 23*i - 24. Give r(-2).
-6
Let l(b) = -3*b**2 - 343*b + 573. Give l(-116).
-7
Let x(w) = 6*w**2 + 31*w + 10. What is x(-8)?
146
Let h(d) = 94*d - 1403. Determine h(15).
7
Let f(k) = 2*k**3 + 5*k**2 - 11*k - 25. Calculate f(-4).
-29
Let l(q) = q**3 + 16*q**2 + 24*q + 690. Calculate l(-17).
-7
Let z(i) = i**3 + 58*i**2 - 331*i - 1488. Give z(-3).
0
Let i(q) = 13*q**2 - 211*q - 162. Give i(16).
-210
Let r(j) = j**2 - 31*j - 385. Determine r(32).
-353
Let p(h) = -1479*h + 57672. Calculate p(39).
-9
Let z(o) = o**2 + 26*o + 170. Give z(-11).
5
Let c(u) = 15*u + 66. Calculate c(-8).
-54
Let w(g) = 20*g + 10. Give w(7).
150
Let m(g) = g**3 - 16*g**2 + 18*g - 24. Give m(15).
21
Let b(h) = 14*h**2 - 60*h - 177. Determine b(-3).
129
Let d(b) = 42*b - 1427. Determine d(34).
1
Let h(u) = -u**3 - 4*u**2 - 13*u - 18. Give h(-4).
34
Let p(f) = -f**3 - 10*f**2 - 42*f - 51. Calculate p(-5).
34
Let i(r) = r**2 - 184*r - 2192. What is i(-11)?
-47
Let o(h) = -h**2 - 290*h - 1981. Calculate o(-7).
0
Let y(u) = -9*u**3 - u - 1. Determine y(-1).
9
Let o(y) = y**3 - 20*y**2 + 28*y + 29. What is o(14)?
-755
Let w(h) = -h**3 + 68*h**2 - 63*h - 368. Determine w(67).
-100
Let b(j) = 3*j**3 - 387*j**2 - 3. Give b(129).
-3
Let g(u) = 2*u**3 - 29*u**2 + 121*u - 130. Determine g(8).
6
Let z(m) = 5*m**2 - 55*m - 380. Give z(-5).
20
Let m(j) = 2*j**3 + 32*j**2 - 9*j + 38. Determine m(-16).
182
Let p(l) = -l**2 - 50*l - 116. Calculate p(-47).
25
Let x(f) = 105*f + 5941. What is x(-57)?
-44
Let b(k) = -9*k**2 - k + 7. What is b(-4)?
-133
Let n(r) = -r**3 - 23*r**2 + 64*r + 391. Calculate n(5).
11
Let c(f) = -2*f**3 + 13*f**2 + 12*f + 18. Determine c(7).
53
Let u(b) = 3*b**3 - 28*b**2 + 53*b + 5. Calculate u(6).
-37
Let a(p) = -4*p**2 + 140*p + 386. Give a(34).
522
Let f(j) = 364*j + 9097. What is f(-25)?
-3
Let w(a) = 198*a + 341. Calculate w(-3).
-253
Let u(s) = -16*s - 234. Determine u(-14).
-10
Let r(j) = 19*j**2 - 173*j - 74. Calculate r(9).
-92
Let d(t) = 3*t**2 + 424*t + 1648. Give d(-4).
0
Let g(a) = 103*a + 1019. Calculate g(-10).
-11
Let t(q) = 4*q**3 + 18*q**2 - 34*q + 7. Calculate t(-8).
-617
Let z(k) = 459*k - 2253. Determine z(5).
42
Let a(y) = -y**3 + 30*y**2 + 71*y - 230. Determine a(32).
-6
Let b(a) = a**2 + 36*a - 178. Give b(-25).
-453
Let r(i) = -i**3 - 62*i**2 + 68*i - 8251. What is r(-65)?
4
Let u(d) = -2*d**3 + 18*d**2 + 84*d + 71. Give u(-3).
35
Let l(x) = -x**2 - 106*x + 1420. Give l(-118).
4
Let o(r) = -r**2 + 19*r - 144. Calculate o(18).
-126
Let o(j) = j**3 + 17*j**2 + 26*j - 414. What is o(-12)?
-6
Let u(s) = s**2 + 1177*s - 51194. Calculate u(42).
4
Let i(p) = 171*p - 1536. What is i(9)?
3
Let m(i) = i**2 + 37*i + 272. Give m(-9).
20
Let h(q) = -6*q**2 - 296*q - 111. Determine h(-49).
-13
Let r(j) = 11*j**3 - 11*j**2 - 17*j - 4. What is r(4)?
456
Let q(k) = 4*k**3 + 5*k**2 - 8*k + 14. Determine q(2).
50
Let j(w) = w**2 + 61*w - 260. Determine j(-55).
-590
Let o(w) = w**3 - w**2 - 28*w - 93. What is o(-4)?
-61
Let y(t) = 255*t - 85891. What is y(337)?
44
Let v(h) = h**2 - 37*h + 277. Determine v(22).
-53
Let o(l) = l**2 + 92*l - 356. Calculate o(-96).
28
Let v(t) = -t**3 + 14*t**2 - 55*t + 13. What is v(3)?
-53
Let k(c) = 3*c**2 + 9*c - 13. Determine k(9).
311
Let u(l) = -2*l**3 - 84*l**2 - 767*l - 168. Determine u(-13).
1
Let l(w) = -281*w + 4539. Determine l(16).
43
Let d(r) = -225*r**3 + r**2 - 3*r + 1. What is d(1)?
-226
Let d(u) = 335*u - 30145. Give d(90).
5
Let y(l) = -l**2 - 30*l - 259. Determine y(-16).
-35
Let q(o) = -o**3 - 63*o**2 + 5*o + 283. Determine q(-63).
-32
Let z(a) = a - 31. What is z(55)?
24
Let c(v) = 4214*v - 33716. Give c(8).
-4
Let p(g) = -103*g + 16. Determine p(1).
-87
Let y(r) = r**3 + 32*r**2 - 39*r - 61. Calculate y(-33).
137
Let l(u) = -5*u**3 - 22*u**2 + 23*u + 50. What is l(-5)?
10
Let r(x) = -x**3 - 26*x**2 + 57*x + 54. What is r(-28)?
26
Let d(n) = -92*n - 657. Determine d(-7).
-13
Let l(r) = -2*r**3 - 130*r**2 - 131*r - 65. What is l(-64)?
127
Let z(x) 